 - 12. Let y(v) = 8*c(v) - 3*q(v). Suppose -3*a - 4*h = 2*a - 46, 3*a - 34 = -4*h. What is y(a)?
-8
Let h be 9/(-8) + (4/32 - 0). Let o(i) = -23*i**3 - i. Give o(h).
24
Let t(j) = j. Suppose -2*f + 5 = 3*f. Suppose 5*i + 6 - 1 = 0. Let w be (f - 1) + i + 1. Determine t(w).
0
Let m(x) = -x**3 + 5*x**2 - 2*x - 1. Let f(a) = -a**3 + 6*a**2 + 2*a - 4. Let y be f(6). Suppose 3*t - y*t = -20. Determine m(t).
7
Let y(p) be the third derivative of p**4/24 - 2*p**3/3 - 17*p**2. Determine y(5).
1
Let g be (-24)/(-40) + (-7)/(-5). Let n(u) be the third derivative of 0 - 1/12*u**5 + 2*u**g + 1/120*u**6 + 0*u + 1/2*u**3 - 1/12*u**4. Calculate n(5).
-7
Let o(d) = -d**2 - 3 - 2 - 3*d + 5. What is o(-4)?
-4
Let g = 122 - 118. Let y(w) be the second derivative of w**4/12 - 5*w**3/6 - 3*w**2/2 + w. What is y(g)?
-7
Let h be 4/(-6)*3/2. Let x(v) be the third derivative of -v**5/24 + v**4/24 - v**3/6 - 2*v**2. Let z(w) be the first derivative of x(w). Determine z(h).
6
Let v(q) = -q**3 - 9*q**2 + 9*q - 8. Let b be v(-10). Let k(o) = -2*o + 3*o - b*o. Give k(-2).
2
Let s(j) be the first derivative of 8*j**3/3 - j**2 + j - 5. Give s(1).
7
Let i(m) be the third derivative of m**4/24 - m**3/3 + m**2. Let f be (-63)/(-4) + (-2)/(-8). Suppose 5*g - 3 = -3*t, 4*t + g - 3 = -f. Calculate i(t).
-6
Let m(y) be the first derivative of -2*y**3/3 + 3*y**2 + y - 7. Give m(5).
-19
Let p(x) be the second derivative of x**5/20 - 5*x**4/12 + x**3/2 - x**2 + 88*x. Let n(c) = -c**3 + 9*c**2 - 9*c + 12. Let m be n(8). Give p(m).
-6
Let f(k) be the first derivative of k**5/20 - k**4/8 + k**3/3 - k**2/2 - 5. Let w(y) be the second derivative of f(y). Determine w(2).
8
Let q(u) = -5*u - 5 + 0*u + u**3 + 10*u**2 - 6*u**2. Let a(s) = s**2 + 4*s - 10. Let n be a(-5). Calculate q(n).
-5
Let p(h) = -h**2 - 5*h + 2. Suppose 2*z + 14 + 7 = -3*l, 0 = 5*l - 5*z + 10. What is p(l)?
2
Let x(v) = -v**3 + 4*v**2 - 2*v - 1. Let i be -1*(0 + -7 - -2). Suppose 2 = -i*y - 3. Let b = 4 + y. Determine x(b).
2
Let d(w) = -4*w**3 - 4*w**2 + 15 + 3*w**3 - 13. Calculate d(-3).
-7
Let u(g) = 3 + 3*g**3 + 1 - g**2 + 2*g**2 - g. Let n(t) = 10*t**3 + 4*t**2 - 2*t + 13. Let r(v) = -2*n(v) + 7*u(v). Give r(2).
0
Let y be (-44)/6 - (-6)/(-9). Let z = y - -13. Let b(v) = -5*v + z*v - 2*v. Calculate b(-1).
2
Let c(n) = -n**2 + n - 2. Let l = 76 + -74. What is c(l)?
-4
Let h(m) = m**3 + 5*m**2 + m + 7. Let s(d) = -5*d. Let b be s(1). Determine h(b).
2
Let a(p) = -p**3 + 2*p**2 + 2*p - 2. Let u(i) = 0 + 5*i - 3*i + 3 + 0*i. Let x be u(0). Give a(x).
-5
Let c(g) be the first derivative of -4*g**4 - 2*g**3/3 - g**2/2 + 32. Determine c(-1).
15
Let n(y) be the first derivative of -23*y**4/4 + y**2 - y + 21. Calculate n(1).
-22
Let g = 3 - 4. Let b(t) = -t**2 - t. Let n be b(-1). Let w = n + g. Let f(u) = -3*u**2 - 2*u - 1. Give f(w).
-2
Let t(x) = -5*x + 4. Let u(o) = 1. Let i(v) = t(v) - 5*u(v). Give i(3).
-16
Let c(q) = -q**3 + 8*q**2 - 7*q + 2. Let k(x) = -2*x**3 + 17*x**2 - 15*x + 3. Let l(r) = 5*c(r) - 2*k(r). Determine l(5).
4
Let v(y) = -y**3 + 3*y**2 + 5*y + 1. Let q be v(4). Let s(o) = o - 6. What is s(q)?
-1
Let n(l) = 3*l - 7*l + l**2 + 0 - 2*l**2 + 1. Suppose 3 = -c - f + 1, 2*f - 4 = 0. Calculate n(c).
1
Let x(o) = o**3 - 2*o**2 - o. Let n be x(-1). Let w(f) = -f + 2. Let j be w(0). Let s(m) = 2 + 2 + m - j. Give s(n).
0
Let r(j) = -j**3 - 4*j**2 - 3*j. Let c = -10 - -14. Let w(k) = -k**2 + k + 3. Let d be w(c). Let x = d + 6. Determine r(x).
0
Suppose 0 = -h + 3*q - 6, 3*h + 2*q + 8 = q. Let z(y) be the first derivative of y**2 + 3*y + 7. Determine z(h).
-3
Suppose 2 + 0 = n. Let f be (2/6)/(n/30). Let o(c) = -1 - 1 + 2 - 2*c. Determine o(f).
-10
Let w(f) = -f**2 + 2*f + 3. Suppose -3*y + 22 = -3*l + y, 5*l + y = -6. Determine w(l).
-5
Let w(u) = 3*u**2 - 3*u + 1. Let l = 20 - 1. Let r = l - 17. Determine w(r).
7
Suppose -h + 14 = -3*t, -2*h + 3*t + 2 = -7*h. Let o(n) = -2*n + h - n + 4*n. Give o(-4).
-2
Let u(x) be the first derivative of 1/60*x**5 + 0*x + 1/6*x**3 - 1/2*x**2 + 3 - 1/4*x**4. Let l(z) be the second derivative of u(z). Give l(6).
1
Let y(j) = 5*j + 7. Let b(r) = 5*r + 6. Let d(w) = -4*b(w) + 3*y(w). What is d(-2)?
7
Let h(b) be the first derivative of -5*b**3/3 + 2. Let w(t) = t**3 + 2*t**2 - 4*t. Let d be w(-3). Suppose 2*y + 21 = 4*i - d*y, 3*i - 2 = y. Calculate h(i).
-5
Suppose -3*u - 11 = -0*u + 5*z, u - 1 = 3*z. Let g = -7 + 10. Let k(n) = -4*n**g - 2 - 3*n**2 + 3*n**3 + 0*n**2 - 3*n + n. Determine k(u).
-2
Let p(r) = -r**2 + 3*r + 3. Suppose -2*a - 65 = 3*a. Let o = -8 - a. Give p(o).
-7
Let o(s) = 5*s - 11. Let l be o(6). Let m(n) = -l + 2*n + 19 - 3*n. What is m(1)?
-1
Let y(b) = 3*b + 3. Suppose 2*o + 21 = -3*p, -2*o - 9 = 4*p + 17. Calculate y(o).
-6
Suppose -17 = -2*s + 39. Suppose -5 - s = -3*q - 5*z, 4*z - 24 = -2*q. Let b(h) = -h**3 + 7*h**2 - 6*h + 5. What is b(q)?
5
Let x(s) = s**2 + 5*s - 3. Let j(t) = -6*t**3 + 2*t**2 - t - 1. Let r be j(1). Determine x(r).
3
Let v(j) = -j**2 + 4*j + 2. Let a(u) = u**3 - 8*u**2 + u - 3. Let y be a(8). What is v(y)?
-3
Let t(a) = -a**3 - 7*a**2 + 12*a + 2. Let d be 8 + -5 + -1 + -10. Give t(d).
-30
Suppose -4 + 24 = 5*d - 2*r, 0 = -2*d - 5*r + 8. Let o(z) = -4*z**3 - 2*z**3 - 4 + 5*z**2 - 5*z + 5*z**3. What is o(d)?
-8
Let x(n) = 2*n - 2 - 5*n**2 + 1 + 4*n**2 + n**3. Suppose -8 = -12*f + 16. Determine x(f).
7
Suppose -5*y = -3*f - 17, 2 = -f - y - y. Let v(m) = 2*m + 6. Give v(f).
-2
Let x(m) = 2*m. Let z(t) = 3*t. Let y(b) = 6*x(b) - 2*z(b). Let j(f) = f**3 + f**2 - 2*f - 1. Let a = -15 + 13. Let k be j(a). Determine y(k).
-6
Let q(r) be the second derivative of r**5/60 + r**4/24 - 5*r**3/6 - 3*r**2/2 - 2*r. Let y(t) be the first derivative of q(t). Give y(0).
-5
Let v(w) = w**2 - 6*w - 3. Let t be v(7). Let p(h) = t + 0*h + h - h**2 - 2*h + 6*h. Let l be 4 + (-1)/(-1 - 0). What is p(l)?
4
Let a(x) be the third derivative of x**8/6720 - x**7/630 + x**5/40 + x**4/12 - x**2. Let b(h) be the second derivative of a(h). Determine b(4).
3
Let f(r) = -5*r + 1. Let o(c) = -c**3 - 6*c**2 - 4*c + 7. Let y be o(-5). Let t(j) = j**3 - 2*j**2 + j - 1. Let n be t(y). Calculate f(n).
-4
Suppose 3*t - 6*t = 3. Let n(q) be the second derivative of 7*q**5/20 + q**3/3 + q**2/2 - 13*q. What is n(t)?
-8
Let n(r) = 2*r - 4. Let a(m) = -m + 1. Let c(p) = 4*a(p) + n(p). Suppose -1 = d + f, 0*f - 6 = 2*f. Calculate c(d).
-4
Suppose -3*w - 28 = -n - 8*w, 4*n + 13 = 5*w. Suppose -3*f + n = -2*u, 4*u + u = 5*f. Let l(d) = -d**3 + 2*d**2 + 4. Determine l(u).
-5
Suppose 3*f - 11 = 4*c - 2*c, 3*c = -12. Let m(z) = f - z - 2 - 3. Suppose -2*y - 12 = 2*y. What is m(y)?
-1
Let r(w) = 9*w**2 - 8*w + 9. Let m(b) = 3*b**2 - 3*b + 3. Let i(q) = -8*m(q) + 3*r(q). Let a(g) be the first derivative of i(g). What is a(-1)?
-6
Let o(l) = -l - 7. Let s be o(-10). Suppose -2*p = -1 - s. Let d(w) = -2*w**2 + p*w**2 - 2*w**2 + 7 - w + 3*w**2. Give d(0).
7
Suppose 0 = 4*d + 3*w - w + 14, -3*w + 6 = -3*d. Let t(y) = -y**3 - 4*y**2 - y + 2. Determine t(d).
-4
Let i(r) = -r**3 + 5*r**2 - 4*r - 1. Let b = -17 - -21. Determine i(b).
-1
Suppose 5 = 4*l - 5*h - 0, 2*l - 5*h = -5. Let u(q) = l + q**2 - 5 - q. Let z(b) = -b**2 + 9*b + 20. Let t be z(11). Determine u(t).
6
Let d be (10/(-15))/(2/6). Let j(c) = c + 2. Determine j(d).
0
Let c be 4/5*(-105)/(-6). Let i(d) = 0*d + 16 + d - c. Calculate i(3).
5
Let m(y) = -1 - 8*y + 1 + 9*y. Give m(-3).
-3
Let p = 8 + -6. Suppose -f - 4*l + 14 = 0, 4*l + 0*l = 8. Let d = f - p. Let u(h) = h - 2. What is u(d)?
2
Let t(i) = i**3 + 8*i**2 + 2*i - 2. Let a(x) = -x**2 - x + 1. Let u(w) = -2*a(w) - t(w). Calculate u(-6).
0
Let f = 83 + -84. Let u(b) = -17*b**3. Calculate u(f).
17
Let o(n) = n**3 + 3*n**2 - 4*n + 5. Let p = -3 - 1. Let f be o(p). Let x(q) = 0*q - 2 - f + q - 2. Calculate x(5).
-4
Let z(t) = 0*t - t - t**2 + 0*t + 1 - 6 + t**3. Suppose -4*h + 5*u + 10 = 0, -2*h + h - 4*u = 8. What is z(h)?
-5
Let b be ((-6)/4)/((-16)/(-32)). Let w(p) be the first derivative of 5*p**2/2 + 3*p + 1. Determine w(b).
-12
Let f(c) = -9*c + 1. Let r be -6*(-2 + 1)*-2. Let v be (18/r)/((-3)/2). Give f(v).
-8
Let a = 10 - 6. Let k(p) = -3*p - 2 + a*p + 0*p. Calculate k(3).
1
Let c(j) = -6*j + 2. Let g(n) = 6*n - 2. Let i(m) = -4*c(m) - 3*g(m). Determine i(2).
10
Let 